ighest common divisor of 348 and 402114?
174
What is the highest common divisor of 12 and 30262?
2
Calculate the highest common factor of 7836 and 12.
12
Calculate the greatest common divisor of 360 and 27240.
120
What is the highest common factor of 775 and 31930?
155
Calculate the greatest common factor of 13620 and 3178.
454
What is the highest common divisor of 3502 and 204?
34
Calculate the highest common divisor of 96784 and 232.
8
Calculate the greatest common divisor of 39 and 5797701.
39
Calculate the greatest common divisor of 364 and 100016.
28
What is the greatest common divisor of 36128 and 608?
32
What is the highest common divisor of 94740 and 16?
4
Calculate the greatest common factor of 10692 and 88.
44
What is the greatest common factor of 1624 and 13048?
56
Calculate the greatest common factor of 444 and 1079142.
222
What is the greatest common divisor of 765702 and 5133?
177
Calculate the highest common divisor of 2868 and 60.
12
Calculate the greatest common divisor of 6593 and 304.
19
What is the highest common divisor of 1573 and 84409?
13
Calculate the greatest common factor of 120 and 934840.
40
Calculate the greatest common factor of 9352 and 1288.
56
Calculate the highest common factor of 765 and 13464.
153
Calculate the greatest common factor of 645 and 510.
15
What is the greatest common factor of 192012 and 24?
12
Calculate the greatest common factor of 1012 and 164.
4
Calculate the highest common factor of 331 and 179402.
331
Calculate the greatest common divisor of 562 and 48.
2
Calculate the highest common factor of 522288 and 16.
16
Calculate the greatest common divisor of 294 and 6378.
6
What is the highest common divisor of 1848 and 3124?
44
Calculate the greatest common divisor of 8480105 and 5.
5
What is the greatest common divisor of 734 and 28993?
367
Calculate the highest common divisor of 766050 and 240.
30
Calculate the greatest common factor of 873 and 495.
9
What is the highest common factor of 2185 and 253?
23
Calculate the highest common factor of 35518 and 4515.
301
What is the highest common divisor of 147 and 1255611?
21
What is the highest common factor of 67008 and 128?
64
What is the greatest common factor of 54 and 8760366?
54
What is the highest common factor of 56 and 64162?
14
What is the greatest common factor of 270 and 1992870?
270
Calculate the highest common divisor of 98623 and 1022.
511
Calculate the highest common divisor of 185370 and 3885.
555
Calculate the greatest common factor of 3771 and 486.
9
What is the greatest common factor of 1776 and 53946?
222
Calculate the highest common factor of 50329 and 1.
1
What is the greatest common divisor of 125964 and 36?
36
Calculate the greatest common factor of 8632 and 104912.
664
What is the greatest common factor of 18277 and 1764?
49
Calculate the greatest common factor of 32277 and 1827.
609
What is the greatest common divisor of 1936905 and 5?
5
What is the highest common divisor of 148152 and 18?
6
Calculate the highest common divisor of 3324 and 2901021.
831
Calculate the greatest common divisor of 459 and 1197531.
459
What is the greatest common factor of 101 and 34?
1
Calculate the greatest common factor of 72 and 250384.
8
What is the greatest common divisor of 2695 and 25480?
245
Calculate the greatest common divisor of 1806 and 2881.
43
Calculate the greatest common factor of 51 and 59789.
17
What is the highest common factor of 271945 and 274?
137
Calculate the greatest common divisor of 55297 and 242.
121
Calculate the greatest common factor of 43520 and 16384.
512
Calculate the highest common divisor of 2 and 38112.
2
What is the highest common divisor of 94936 and 8?
8
Calculate the highest common factor of 77854 and 7.
7
Calculate the highest common divisor of 27949 and 361.
19
Calculate the highest common divisor of 1122 and 918.
102
What is the greatest common factor of 7830 and 470?
10
What is the highest common divisor of 3 and 378453?
3
What is the greatest common factor of 1564 and 335340?
92
Calculate the greatest common factor of 1835 and 205.
5
What is the greatest common divisor of 2752 and 64?
64
Calculate the highest common divisor of 21 and 122689.
7
What is the highest common divisor of 644096 and 66674?
1258
What is the highest common factor of 3 and 86293?
1
Calculate the greatest common divisor of 268 and 2756.
4
Calculate the greatest common factor of 102 and 477904.
34
Calculate the highest common factor of 392645 and 295.
295
What is the greatest common divisor of 694848 and 6580?
1316
What is the highest common factor of 21584205 and 303?
303
What is the highest common divisor of 378 and 378945?
189
What is the greatest common factor of 5022 and 174?
6
Calculate the highest common divisor of 388 and 20044.
4
Calculate the highest common divisor of 4 and 36982.
2
Calculate the greatest common factor of 40199 and 1037.
61
What is the highest common factor of 2523 and 87?
87
Calculate the highest common factor of 2 and 226906.
2
What is the greatest common divisor of 110 and 28864?
22
Calculate the greatest common divisor of 936403 and 13.
13
Calculate the greatest common divisor of 360281 and 51.
17
What is the highest common divisor of 16105760 and 320?
160
Calculate the highest common factor of 3594231 and 87.
87
Calculate the highest common factor of 47 and 9726.
1
Calculate the highest common factor of 644 and 32998.
14
Calculate the highest common factor of 160644 and 924.
132
What is the highest common factor of 5152 and 18998?
322
Calculate the greatest common factor of 2121 and 133.
7
What is the highest common divisor of 5113500 and 50?
50
Calculate the highest common factor of 25 and 25825.
25
What is the highest common divisor of 81939 and 214875?
573
What is the highest common factor of 2112 and 651696?
48
Calculate the highest common factor of 53508 and 67158.
546
What is the greatest common divisor of 81217 and 7471?
241
What is the greatest common factor of 1875 and 1011?
3
What is the highest common divisor of 60265 and 2210?
85
What is the greatest common factor of 391 and 85?
17
What is the highest common divisor of 7054 and 2?
2
Calculate the greatest common factor of 328 and 110987.
41
What is the highest common divisor of 436 and 16?
4
What is the greatest common divisor of 87581 and 13?
13
What is the highest common divisor of 32 and 417328?
16
What is the highest common factor of 11004 and 56?
28
Calculate the greatest common divisor of 10 and 49745.
5
Calculate the highest common factor of 1564549 and 7.
7
Calculate the highest common divisor of 396858 and 231.
231
Calculate the highest common factor of 84837 and 7.
1
Calculate the greatest common factor of 12 and 124947.
3
What is the greatest common divisor of 2772 and 11264?
44
Calculate the greatest common divisor of 8 and 538.
2
What is the greatest common factor of 110358 and 288?
18
Calculate the greatest common factor of 28060 and 2318.
122
Calculate the greatest common factor of 2497 and 1229659.
227
Calculate the highest common factor of 31065 and 95.
95
What is the greatest common factor of 5670 and 40770?
270
Calculate the greatest common factor of 312 and 818337.
39
Calculate the highest common divisor of 1255 and 6384185.
1255
Calculate the highest common factor of 42 and 7436184.
42
What is the highest common factor of 567 and 107352?
189
What is the greatest common factor of 2224 and 285367?
139
Calculate the highest common factor of 188 and 30973.
47
Calculate the greatest common factor of 219648 and 78.
78
What is the highest common divisor of 29095 and 1584?
11
What is the greatest common factor of 81 and 84771?
9
Calculate the greatest common factor of 40 and 18212.
4
What is the highest common factor of 15 and 48159?
3
What is the highest common factor of 2079522 and 414?
414
Calculate the greatest common factor of 90 and 2988630.
90
Calculate the greatest common factor of 19222 and 448.
14
Calculate the greatest common divisor of 276 and 376349.
23
Calculate the greatest common divisor of 1902098 and 682.
682
What is the highest common divisor of 515 and 9975?
5
What is the highest common divisor of 73444 and 1098?
122
What is the highest common divisor of 29862 and 27650?
1106
What is the greatest 